der when 87 is divided by 7 + h - (1 - 0)?
15
Let j(q) be the first derivative of -q**3/3 - 6*q**2 - 13*q + 5. Calculate the remainder when (1 - 0)*0 + 13 is divided by j(-10).
6
Suppose -116 = -4*t + 3*o, -5*o - 44 = -4*t + 80. Let m = 43 - t. What is the remainder when 32 is divided by m?
15
Let w(f) = 3*f**2 - f + 174. Let s be w(0). Let n = -2 + 3. Calculate the remainder when (n/(-3))/((-2)/s) is divided by 15.
14
Let s be 930/(-54) - (-4)/18. Let t = s + 35. Suppose c - 5 = 2. What is the remainder when t is divided by c?
4
Calculate the remainder when 67 is divided by (-1)/(-2) + 132/8.
16
Suppose 206 = 5*w - 3*p, -5*p = 3*w - 56 - 54. What is the remainder when w is divided by 8 + 9/(2 + 1)?
7
Suppose 0 = 3*g - 6 - 33. Suppose -3*w + 35 = 2*y, g = 3*y + 3*w - 38. Let o = 2 + 4. What is the remainder when y is divided by o?
4
Suppose 28*n = 12*n + 2576. What is the remainder when n is divided by 54?
53
Suppose 0*n - 5*n = -80. What is the remainder when 45 is divided by n?
13
Suppose 4*z - 309 = -5*t, -t + 4*z - 3*z + 69 = 0. Calculate the remainder when t is divided by 23.
19
Let j = 58 + 1. Calculate the remainder when j is divided by 18.
5
Let w = 29 + -20. Calculate the remainder when 33 is divided by w.
6
Calculate the remainder when 71 is divided by (2 + (2 - 7))*16/(-6).
7
Let n(u) = -u**3 + u**2 + 12. Let v be n(0). Calculate the remainder when (v + 1)/((-5)/(-15)) is divided by 10.
9
Suppose -b - 144 = 3*b. Let c = 24 + b. What is the remainder when (-2)/5 - c/5 is divided by 1?
0
Suppose -3*o + i + 9 = -2*i, -11 = -2*o - 3*i. Suppose 3*x - 2 = o. Suppose -2*q = -z + 4*z - 23, z = 5*q + x. What is the remainder when z is divided by 4?
3
Let j(p) = -3*p - 31. Calculate the remainder when 77 is divided by j(-19).
25
Suppose -2*m - 6 + 38 = 0. Suppose 3*t - 3*n = 150, -2*t + 0*t - 4*n = -82. What is the remainder when t is divided by m?
15
Let x = -3 + 3. Suppose x = -0*o - o + 18. Let c = o - -1. What is the remainder when c is divided by 10?
9
Let d be 17*(1 + (2 - 4)). Let s = d - -30. Calculate the remainder when s is divided by 8.
5
Let f(l) = 6*l**2 - 5*l. Let c be f(-5). Calculate the remainder when 58 is divided by (6/5)/(7/c).
28
Let o(x) = x**3 + 8*x**2 - 2*x - 9. Let z be o(-8). Let w(q) = 8*q - 7. Let t = -2 - -19. What is the remainder when w(z) is divided by t?
15
Let j(z) = 2*z - 16. Calculate the remainder when 66 is divided by j(26).
30
Let j be 10/(-65) + 28/13. Suppose j*g + u = 84, 5*g - 210 = -u - 0*u. What is the remainder when g is divided by 15?
12
Let u = 25 - 40. Let y(p) = p + 6. Let t be y(6). What is the remainder when (t/u)/(2/(-40)) is divided by 9?
7
Suppose 2*h = -2*k, -2*h + 5*k = -h - 24. Calculate the remainder when h + -4 + (39 - -2) is divided by 14.
13
Calculate the remainder when (((-65)/(-2))/(-5))/((-8)/16) is divided by 2.
1
Let k = 21 - -14. Calculate the remainder when k is divided by 2/(-4) + 133/14.
8
Let d(z) = -5*z**2 - 2*z + 1. Let j be d(1). Let g = -3 - j. Suppose g*h + 2*h - 20 = 0. Calculate the remainder when h is divided by 3.
1
Suppose 0*r - 68 = -4*r. Suppose 19*w - 12*w - 70 = 0. Calculate the remainder when r is divided by w.
7
Suppose -4*d + 7*d - 9 = 0. Calculate the remainder when d is divided by 1.
0
Suppose -p - 2*p + 15 = 0. Suppose 0 = p*b - 2*r - 17 - 58, r + 57 = 4*b. Calculate the remainder when 24 is divided by b.
11
Let f = 10 - 3. Suppose -2*b - f = -17. Calculate the remainder when 14 is divided by b.
4
Let j(g) = -5*g**2 + g. Let c(v) = 14*v**2 - 2*v - 1. Let n = 8 + -4. Let x(q) = n*c(q) + 11*j(q). What is the remainder when 10 is divided by x(-5)?
4
Let i = -38 + 61. Calculate the remainder when i is divided by 6.
5
Suppose 4*o + 18 = 3*r + 95, -4*r - 12 = 0. What is the remainder when o is divided by 5?
2
Let f = 8 + -3. What is the remainder when 2 + 27/(-12) - (-1881)/132 is divided by f?
4
Suppose -3*u + 7 = -3*s + s, -5*s - 5 = 5*u. Suppose q = 13 - u. What is the remainder when q is divided by 7?
5
Suppose -8*v = v - 432. Calculate the remainder when 140 is divided by v.
44
Suppose 0*t = -5*t + 15. Suppose -5*m + 3*m + 18 = -5*k, t*m = -4*k + 73. Calculate the remainder when m is divided by (-10*1 - -3)*-1.
5
Suppose -3*r + 16 = 4. Calculate the remainder when 54/r*(-16)/(-6) is divided by 13.
10
Let z(m) = -17*m + 4. What is the remainder when 41 is divided by z(-1)?
20
Let x(u) = -u**2 + u + 14. Suppose 0 = 5*s - 0*s. Calculate the remainder when 54 is divided by x(s).
12
Let y(w) = 54*w**3 - w**2 + 5*w - 4. Let o = -1 - -15. What is the remainder when y(1) is divided by o?
12
Let y = 1 + 1. What is the remainder when ((-6)/(-2)*10)/y is divided by 8/((1 + 1)/2)?
7
Let c = -33 - -113. Suppose -6*d = -2*d - 84. What is the remainder when c/3*6/4 is divided by d?
19
Let p be (-1 + (-4 - -6))*-9. Let g = 20 + p. What is the remainder when g is divided by 3?
2
Suppose 3*j - 7*j = 12. Let z(i) = -2*i**3 - 3*i**2 - 2*i + 7. What is the remainder when z(j) is divided by 14?
12
Suppose -4*w - 19 = 3*h + 11, -3*w - 20 = 2*h. Let z = -8 - h. Let q(i) = -i**3 + 4*i**2 - i + 5. What is the remainder when z is divided by q(4)?
0
Suppose 0 = 3*m - 0*m - 2*n - 2, -3*m - 3*n = 3. Let a(p) = 4*p + 0*p - 3*p + 4. Calculate the remainder when a(m) is divided by 2.
0
Let i be (-10)/(-35) + 19/7. Suppose u - 27 = -q, -33 = -i*u + 2*q + 23. Calculate the remainder when u is divided by (-1 - 0)/(8/(-64)).
6
Let i = 125 + -82. What is the remainder when i is divided by 2/11 - 326/(-22)?
13
Suppose -6 = -2*r - r. Let s(y) = -2 - 4 - r + 3*y. Calculate the remainder when 56 is divided by s(9).
18
Let z(m) = -m**2 + 6*m - 1. Let n be z(5). Suppose -5*u + 2*j - 11 = 5*j, n*u + j + 13 = 0. Let c = u - -7. Calculate the remainder when 5 is divided by c.
2
Let y = 0 - -21. Let p = y - 4. Calculate the remainder when p is divided by 4/(-14) + 132/21.
5
Calculate the remainder when 88/7 + (-3)/(-7) is divided by 5.
3
Let b = 77 + -65. Calculate the remainder when (-2)/(-6) + (-280)/(-6) is divided by b.
11
Suppose -5*s = -37 - 348. Let a = s - 111. What is the remainder when (-4)/1 + 2 - a is divided by 11?
10
What is the remainder when 15 is divided by 404/44 - (-1 + 26/22)?
6
Suppose 0 = 4*i - 76 - 68. Calculate the remainder when i is divided by 14.
8
Let f(k) be the third derivative of 0 - k**3 + 0*k - 1/12*k**4 - 3*k**2. What is the remainder when 21 is divided by f(-9)?
9
Calculate the remainder when 280 is divided by 5 - (3 + 3)*-7.
45
Suppose -m + 170 = 4*d - 69, -3*d = 2*m - 183. Calculate the remainder when d is divided by 12.
11
Suppose 5*o + 1 - 21 = -5*t, -5*o = 4*t - 12. What is the remainder when 14 is divided by t?
6
Calculate the remainder when 34*(-1 + (-9)/(-6)) is divided by 5.
2
Calculate the remainder when -2 - (-3)/((-9)/(-12)) - -140 is divided by 24.
22
Suppose -4*z = f - 2*z - 45, -3*f = -2*z - 167. What is the remainder when f is divided by (70/(-5))/(0 - 1)?
11
Let k(d) = 6*d - 5. Let h = 0 - -5. Suppose 2*f + 3*i - 19 = 0, h*i - 28 - 12 = -5*f. Calculate the remainder when k(f) is divided by 9.
7
Suppose -2*u - 88 = -6*u. Suppose w + 66 = 5*x + 3*w, 0 = -x - 3*w + 21. What is the remainder when u is divided by x?
10
Let h be 2 - (-1)/(4 - 3). Suppose -l - 4 = -h*l. Calculate the remainder when 4 is divided by l.
0
Let v(z) = z**3 + 7*z**2 + 6*z - 4. Let q(s) = 4*s - 1. Let p be q(-1). What is the remainder when -2 + 46 + 3 + -1 is divided by v(p)?
14
Let w = -134 + 190. Suppose 0 = -4*c - c + 15. Suppose -4*u + 2*b + 60 = -c*b, 0 = 2*u + 4*b - w. What is the remainder when 58 is divided by u?
18
Let d be -18 - 1 - (5 - 2). Let v = d + 40. Suppose 4*h = -v + 106. What is the remainder when h is divided by 6?
4
Suppose -3*w + 58 = 2*w - 2*j, 0 = 4*w - 2*j - 46. What is the remainder when 33 is divided by w?
9
Suppose 0 = 5*m, -12 = -4*q - 3*m - m. Suppose q*c - 6 - 6 = 0. Suppose x + 0*f - 5 = -f, -5*x = 3*f - 21. Calculate the remainder when c is divided by x.
1
Let o = 18 - 8. Let c = -3 + 11. What is the remainder when (c/10)/(2/45) is divided by o?
8
Let v = 17 + -6. Let h(n) = -31*n**3 + 1. Calculate the remainder when h(-1) is divided by v.
10
Let j = 23 - 14. Suppose -4 = -2*t - 2*g, 2*g + 3*g = 2*t - 18. Suppose -t*c + 3*m = 8 - 96, 0 = -c 